 of z?
2
Let l = -29 - -35. List the prime factors of l.
2, 3
Let p(m) = -4*m - 20. List the prime factors of p(-6).
2
Let u(c) = c**2 + c - 5. What are the prime factors of u(5)?
5
Let k(q) = q**2 - 4*q - 2. Let h be k(5). Let n = 23 + 3. Let j = n - h. List the prime factors of j.
23
Let k(g) be the third derivative of -g**5/60 + g**4/6 + 7*g**3/6 - g**2. Let y be k(5). Suppose y*q - 18 = -q. List the prime factors of q.
2, 3
Let s = 38 - 29. What are the prime factors of s?
3
Let x = -14 + 22. Let j = x - 5. List the prime factors of j.
3
Let q = 29 + -21. List the prime factors of q.
2
Let r be -1*3/(9/(-6)). Suppose -2*m = r*m - 132. What are the prime factors of m?
3, 11
Suppose 5*b = 2*x - 19, 3*b = -0*b - 4*x - 1. List the prime factors of 21 + (-2 - (b + 3)).
19
Suppose -2*p + 194 = -5*b - 66, 2*b + p + 113 = 0. Let i = b + 84. Suppose -j + i = 2*j. What are the prime factors of j?
2, 5
Let i be 2/8 + 94/8. List the prime factors of 160/6 + i/(-18).
2, 13
Let r be -3*1*(-1)/3. Suppose -q + r = -3. Suppose q*x = -2 + 70. What are the prime factors of x?
17
Suppose 3*m - 51 = -2*q + 2, -4*m = -2*q - 66. List the prime factors of m.
17
Suppose 0 = -5*q - 2*m + 20, 2*q + 3*m = -0*q + 19. Suppose 0 = -q*o + 7*o - 60. List the prime factors of o.
2, 3
Let y = -12 + 26. What are the prime factors of y?
2, 7
Suppose 0 = -4*o + 5*l + 20, 4*o + 5*l - 12 - 8 = 0. Let j(w) = -w**3 + 7*w**2 - 7*w + 3. List the prime factors of j(o).
2, 3
Let h = 28 + -9. Let y = h + 16. Suppose 3*w + f = y, -2*w + 1 = -3*f - 15. What are the prime factors of w?
11
Suppose -q - 2*k = -29, 23 = 2*q - 2*k - 29. What are the prime factors of q?
3
Suppose 9*c + 366 = 15*c. List the prime factors of c.
61
Suppose 0 = -2*d + 2*i + 62, -5*d - 5*i + 105 = -0*i. Suppose -d + 6 = 3*k - 2*r, 5*k = -r - 42. Let n = k - -22. List the prime factors of n.
2, 7
Suppose -z = 1 - 11. What are the prime factors of z?
2, 5
Suppose -94 = -3*k + 86. List the prime factors of k.
2, 3, 5
Let o = -139 - -222. Suppose -j = -2*w + o, j = -2*w - 4*j + 89. What are the prime factors of w?
2, 3, 7
Suppose 0 = -u - u + 5*h + 76, -132 = -5*u - 2*h. Suppose -4*v - u = -8*v. What are the prime factors of v + (0 - (1 + 0))?
2, 3
Let f(q) = 2*q**3 - 4*q**2 + 4*q - 3. Let n be f(2). Suppose 4*x - n*a - 65 = 0, -2*x + a = -4*x + 29. List the prime factors of x.
3, 5
Suppose 2*b - 12 = 6. Suppose -6 = -5*n + b. List the prime factors of n.
3
Let m = 163 + -107. What are the prime factors of m?
2, 7
Suppose -21*t - 363 = -22*t. List the prime factors of t.
3, 11
Suppose 0 = -5*g + 3*g. Suppose 2*k + k - 54 = g. What are the prime factors of k?
2, 3
List the prime factors of (-8 - (-320)/15)/(1/3).
2, 5
Suppose -236 = -3*i + 166. What are the prime factors of i?
2, 67
Let o(h) = -h**3 + 6*h**2 + 9*h - 2. Let k be (-141)/(-21) + 6/21. List the prime factors of o(k).
2, 3
Suppose 0 = 10*v - 8*v - 244. What are the prime factors of v?
2, 61
Let d = 0 + 0. Suppose t - 5*t + 44 = d. Let a = t + 3. List the prime factors of a.
2, 7
Let x(y) be the third derivative of -11*y**4/24 + 9*y**2. List the prime factors of x(-5).
5, 11
Let w = -65 - -68. List the prime factors of w.
3
Suppose -h - 5*u + 26 = 3*h, -3*h + 2 = -5*u. List the prime factors of h.
2
Suppose 5*f - 630 = -f. List the prime factors of f.
3, 5, 7
Let r(x) be the first derivative of 3*x**2 + 3*x + 6. What are the prime factors of r(5)?
3, 11
Let h(a) = a**3 - 18*a**2 + 20*a - 10. List the prime factors of h(17).
41
Let t(z) = z**3 + 7*z**2 - 7*z - 8. Let a be t(-7). Let f = -64 - -38. Let k = a + f. List the prime factors of k.
3, 5
What are the prime factors of ((-4)/10)/(-1) - (-1546)/10?
5, 31
Suppose 2*g - 7*g + 15 = 0. Suppose g*u + 0*u = -9. Let y = u - -14. What are the prime factors of y?
11
Let r be -1 - ((0 - -17) + 0). List the prime factors of -1 - r/(-4)*-2.
2
Let k(x) = -x - 10. Let p be k(-7). Let i = 15 - 10. Let u = p + i. List the prime factors of u.
2
Let d(j) = j**2 + 6*j + 3. Suppose 3*w - 4*w - 6 = 0. What are the prime factors of d(w)?
3
Suppose k + 0 - 10 = 2*u, -3*k + 3*u = -24. Let w = k - -6. What are the prime factors of w?
2, 3
What are the prime factors of (33/(-15))/(1/(-5))?
11
Let r be 3*1 + 18 + -1. Suppose o - r = -o. What are the prime factors of o?
2, 5
Let y = 32 + -48. List the prime factors of y/20*(-5)/2.
2
Let f = 3 - 2. Let g be f + -1 - (4 + -4). Suppose 2*m - 2*k = -0*k + 8, g = 5*m - 3*k - 26. What are the prime factors of m?
7
Let k(v) = v**3 + 9*v**2 - 2*v - 1. What are the prime factors of k(-4)?
3, 29
Let f(k) = k - 7. Let a be f(6). Let m be a - (0 - (6 - 1)). Suppose -6*g + 4 = -m*g. What are the prime factors of g?
2
Let d = 13 + 144. What are the prime factors of d?
157
Suppose 0 = -l - 4*l. Let f = 4 - l. List the prime factors of f.
2
Suppose 0 = h + 37 - 144. Suppose 0 = -4*i + h - 15. List the prime factors of i.
23
Suppose -38 = 5*s + 2*m, 5*s - m - 12 + 38 = 0. List the prime factors of (-1)/(0 + 2/s).
3
Suppose 5*f - 2*k = k + 42, 2*f = -3*k. Let l be (-2)/6 - (-2)/f. Suppose l = i - 2*i + 9. What are the prime factors of i?
3
Let w = 7 - 0. Suppose -h + 4*d = -2*h + w, h + 3*d - 10 = 0. What are the prime factors of h?
19
Let d(n) = n**2 - 13*n + 5. Let q be d(13). Suppose -q*l + l = 2*k - 112, 0 = 5*k. List the prime factors of l.
2, 7
Suppose 0 = u + 5*c - 2*c + 8, 0 = -u - c - 2. Let o = u + 2. Suppose 5*t - 56 = w, -w = t + o*w - 28. List the prime factors of t.
2, 3
Suppose h + f + 4 = 0, -f - 3*f = 8. Let i(g) = -3*g**3 + g**2 + 2*g + 2. What are the prime factors of i(h)?
2, 13
Let x(q) = q + 0 + 14*q**2 - 2*q**3 + q**3 + 4 - 3. What are the prime factors of x(14)?
3, 5
Suppose 0 = -4*d - r + 136, -r = -3*d + 42 + 53. Let b = -6 + d. List the prime factors of b.
3
Let y(t) = 5 - 8*t + t**2 - 2 + 0*t**2. Suppose -7 = n - 3*x, -44 = -2*n - n - 4*x. What are the prime factors of y(n)?
3
Let t be 1/((-10)/12 + 1). Suppose -3*q = -15 - t. List the prime factors of q.
7
Suppose -m - 1867 = -5*d, 3*m + 379 = 10*d - 9*d. What are the prime factors of d?
373
Suppose -u = -0*u - 16. Let o = u - 4. What are the prime factors of o?
2, 3
Let o = 12 - -10. What are the prime factors of o?
2, 11
Suppose -2*g + 3 = -1. Suppose g*u = u + 3. List the prime factors of u.
3
Suppose -4*f = -5*f. Suppose -2*v + 0*v + 10 = f. List the prime factors of v.
5
Let q = 2 + -5. List the prime factors of q/12 - 98/(-8).
2, 3
Let v(j) = 2*j**2 + 1. Let r be (-3 - -1)*6/(-12). Let c be v(r). Let u = c - -9. List the prime factors of u.
2, 3
Let h = 183 - 73. List the prime factors of h.
2, 5, 11
Let f be ((-10)/4 + -1)*14. Let v = f + 72. List the prime factors of v.
23
Let w(q) = 7*q - 4. Let z be w(2). Suppose 2*v - z = -x, -x + 5 = -5*v + 2. What are the prime factors of x?
2
Suppose 0*y = y + 2. Let r(g) = 1 - 5*g - 4 + 0*g. What are the prime factors of r(y)?
7
Let h(m) = 13*m + 2. Let o be h(1). Suppose 4*f = 53 + o. List the prime factors of f.
17
Suppose -522 = -5*o - 3*u, -2 - 1 = 3*u. List the prime factors of 1586/30 + 14/o.
53
List the prime factors of 14 + 133 + 6 + (-3 - -1).
151
Suppose 1 = 5*i - 3*b - 2, 3*b = 12. Suppose 3*o + y = 12, o - 3*y = -i*o + 3. Suppose -f + 12 = -4*f, -21 = -3*a - o*f. List the prime factors of a.
11
Suppose -3*o - 7 = 2*y + 4, 5*y + 36 = o. Let h = -5 - y. Suppose 5*u + 13 = h*r, 0 = 4*r - u - 2*u - 19. List the prime factors of r.
2
Let i be 3*(-1 - (0 - 0)). What are the prime factors of (3/i)/((-2)/10)?
5
Let s be 18 - (-1 + 1 + -2). Suppose 0 = -4*d + s, -5*d = o - 10*d + 27. List the prime factors of ((-21)/(-6))/(o/(-4)).
7
Let m be (3/6)/(3/120). Suppose m = 4*l + l. What are the prime factors of l/12 - (-56)/3?
19
What are the prime factors of ((-1 - -2) + 299)*(-3)/(-6)?
2, 3, 5
Let h(y) = 3*y + 7 - y**3 - 6*y**2 - 4*y - 2. Suppose 4*a + 1 = -23. What are the prime factors of h(a)?
11
List the prime factors of -4 + 1 + 3 + (-124)/(-1).
2, 31
Suppose 13*n - 14*n = -54. What are the prime factors of n?
2, 3
Suppose -g = -2*i - i - 8, -5*g = -2*i - 27. Let n be (-3)/(-6) - i/(-2). Suppose 5*j + 2*m = 5*m + 40, -4*m + 20 = n. What are the prime factors of j?
11
Suppose 4*f = -0*f + 752. List the prime factors of f.
2, 47
Let l = 7 + 1. Suppose m = 3*k - 14,